ose -2*p - 12098 = -4*o, -5*p = -u*o - 2*o + 12083. Is o prime?
False
Let f be (1 - -4)*622544/130. Suppose 5973 = l - r - r, 4*l = -5*r + f. Is l a prime number?
True
Let v(n) = 419*n**3 - 7*n**2 - 41*n + 223. Is v(6) composite?
True
Is ((-8)/(48/(-9)))/((225/139210)/15) a prime number?
True
Let q(u) = 5*u**2 - 30*u + 16. Let l(z) = -z - 11. Let w be l(-2). Is q(w) a composite number?
False
Let q(t) be the second derivative of 35*t**4/4 + 8*t**3/3 + 7*t**2/2 - 42*t. Is q(-8) prime?
True
Let m(c) be the first derivative of 48*c**3 - 4*c**2 + 9*c - 59. Is m(1) prime?
False
Let d = 25438 + -6851. Is d a prime number?
True
Suppose -40*s = 26 - 506. Is 523/(((-6)/s)/((-3)/2)) a composite number?
True
Let o be (-4)/((16/(-32))/(2/8)). Suppose -s + 12 = o*s. Is (-12)/27*3*(-438)/s composite?
True
Let o(s) = s**2 + s. Let f be o(0). Let k(x) = 3*x**2 - 117*x - 6. Let l be k(39). Is -3 - l - f - -688 a composite number?
False
Let g = -92225 + 145906. Is g a prime number?
True
Suppose -w + 5*h - 15224 = -3*w, -4*w + 30426 = -h. Is w a composite number?
False
Suppose 0 = 5*h + 2*o + 11, -5*h = -o - 3*o + 23. Let i = 116 - h. Is i composite?
True
Let g = -2111365 - -3291122. Is g prime?
True
Let i = -44 + 30. Let l be (-12)/i*(1 + 6). Is (30/(-12) + 4)*2524/l a prime number?
True
Suppose -5*t = 4*t. Suppose 12*r - 3 - 105 = t. Suppose -2530 = -w - r*w. Is w prime?
False
Let o(u) = -74314*u + 3133. Is o(-7) a prime number?
False
Is (3/2)/((-201)/536) - -8423 prime?
True
Suppose -5*m + 5 + 22 = 4*r, 4*r - 15 = -m. Suppose 2*v = -4*p + 824, -p + 804 = 3*p - r*v. Suppose -9*a = -p - 1929. Is a a prime number?
False
Let o = 39 - 35. Let u(a) = 10 + 4 + o + 30*a - 5. Is u(8) prime?
False
Let d = 66 - 787. Let k(u) = u**3 - 3*u**2 - 14*u - 10. Let z be k(12). Let w = z + d. Is w a composite number?
False
Let z = 2172 - 1177. Let q be (z/(-6))/5 + 63/378. Is q*-37*2*10/60 composite?
True
Let r(h) = -386*h + 3423. Is r(-38) composite?
True
Let i(y) = -y**2 - 12*y + 30. Let q be i(-14). Suppose q*w + b - 3*b - 2 = 0, -4*b = -3*w + 4. Suppose w*v - v + 443 = 0. Is v a prime number?
True
Suppose 0 = 4*r - 92 + 104. Is (4/4)/((18/(-2802))/r) a composite number?
False
Let a(k) be the first derivative of k**5/20 - k**4/6 - k**3/2 + 11*k**2 - 3*k - 16. Let w(c) be the first derivative of a(c). Is w(5) a composite number?
True
Suppose b + 0*v - 528 = v, -2*v + 531 = b. Let a = b - 366. Is a a composite number?
False
Let z be 10/(-65) - 164/(-52). Suppose -3*x + 2061 = -3*b, z*x = 7*x + 3*b - 2734. Is x a prime number?
False
Let z(d) = -d**2 - 9*d - 8. Let q be z(-8). Suppose q*i + 3*i + 15 = 0, -i = 5*s - 4905. Is s composite?
True
Let v = 334 - 326. Is 3 + (-20)/v - 105578/(-4) composite?
True
Let b(n) = -8*n**3 + n**2 + 2. Suppose 5*w - 16 = -3*w. Let r be b(w). Is (-99)/(-6)*r/(-3) prime?
False
Suppose 588629 = c - w, 1023689 = 3*c + 3*w - 742198. Is c composite?
True
Let l = 28159 + -19075. Suppose -l = 8*m - 10*m. Suppose d = -d + m. Is d composite?
True
Suppose 2*v - r - 3*r = -8, -r = 4*v + 7. Let w be v + 3 - (-13 - -12). Is (1 + -23)/(440/(-218) + w) a composite number?
True
Let p = 244402 + -150833. Is p a composite number?
True
Let c = 48 + -28. Suppose 10 = 2*p - c. Is 23024/20 - 3/p a composite number?
False
Is ((-2622)/152)/(6/(-52376)) a composite number?
True
Let t = -37 + 34. Let n be (-1327620)/(-18) + t/(18/(-8)). Is n/30 + (-6)/(-15) prime?
True
Let v = 355402 + 2229. Is v composite?
True
Suppose -31 = -h + 164. Suppose -3*w = -3*a + 35 - 20, -4*w + 25 = 5*a. Suppose w = -3*i - 2*i + h. Is i composite?
True
Suppose -19*w - 1 = -18*w. Let j be (-9)/18*6*w. Suppose -382 = -j*p + 371. Is p prime?
True
Let x(h) = -h**2 - 16*h - 22. Let d be x(-12). Suppose -d*l + 33*l = 3514. Is l prime?
False
Suppose -4*o - 15*a = -16*a - 83341, 0 = -5*o + 3*a + 104192. Is o a prime number?
False
Let k = -25 + 27. Suppose -3*a = 4*q - 7351, -k*q - 2055 - 382 = -a. Let g = a - 1538. Is g prime?
True
Let p(r) = r**3 + 32*r**2 + 42*r - 18. Suppose -2*b - 112 = 4*t, t - 9*b = -4*b - 28. Is p(t) a prime number?
False
Let w(j) = 344*j**2 + 121*j + 83. Is w(34) a prime number?
True
Let t be (-2)/3 - (-840)/45. Let u(h) = 2*h**2 - 26*h + 29. Is u(t) composite?
True
Is (80/32)/(70/5066572) composite?
False
Suppose -3*y + 30 = 3*x, -y + 3*y - x = 11. Is 800 + (-8)/(-28)*y prime?
False
Suppose 17*n - 11*n = 300. Let d = n - -881. Let b = -638 + d. Is b composite?
False
Suppose -380975 = -k - 3*s, 9*s = 34*k - 36*k + 761944. Is k a composite number?
True
Is 43705/(-1)*17/(-85) a composite number?
False
Let t be 198/42 + (-2)/(-7). Suppose -2*p = 2*o - t*p + 1, 1 = 3*o - 2*p. Is o*1212 + 10 + -9 a prime number?
True
Let p(s) = 344*s - 28 + 11 - 8. Let w be p(10). Suppose w = 5*j - 0*j. Is j composite?
False
Suppose -5*y - 3*h = -774, -4*y - 154 = -5*y - h. Suppose -9779 = -y*t + 149*t. Is t a composite number?
True
Is 1/((6 - 12)/(-434082)) + 6 prime?
True
Let m = 367 + -362. Suppose -3*l = m*y - 2477, -2*l + 74 = -3*y + 1545. Is y prime?
False
Suppose -4*x - 5*c = -13, -5*c + 15 = 4*x + x. Let y = x + 0. Suppose 0 = -5*m - 3*o + 388, -2*o - o = -y*m + 151. Is m a composite number?
True
Let p be (-3)/2 - 201/134. Is 2 - -1 - (p - (1 - -39958)) composite?
True
Suppose 1409*w - 1441*w = -2156384. Is w a prime number?
False
Suppose -31*g + 2 = -32*g. Is (20965/g - 1)*(-372)/558 composite?
True
Let q be (0 - 3) + 12194/(-7). Let o = q + 3004. Is o a composite number?
False
Let d = -1376 + 2901. Let f be ((-12)/(-15))/((-2)/(-2355)). Let b = d - f. Is b a prime number?
False
Let x(q) = -30 + 2*q**2 + 24 + 0*q + 5*q. Let c = 3 + 4. Is x(c) a composite number?
False
Let f = 138714 + 304507. Is f composite?
False
Let b be -5*(114/(-475))/((-2)/45). Is (-55434)/(-27) + 3/b a composite number?
False
Let h(p) = 5*p**3 + 8*p - 6*p**3 + 26*p**2 - 24*p**2. Let m be h(4). Suppose 3*s + 2*s - z - 1030 = m, 2*z = -s + 195. Is s prime?
False
Suppose 568 = 4*s - 4*x, 2*s + 582 = 6*s + 3*x. Is (-47)/(s/(-20) + 7) composite?
True
Let o(f) = 54704*f + 333. Is o(7) a prime number?
True
Let j(i) = -6*i**3 - 39*i**2 - 123*i + 11. Is j(-18) composite?
True
Suppose -13942*c + 3542911 = -13923*c. Is c prime?
True
Let w = 18639 + -30124. Is ((-9)/18*w)/(2/4) prime?
False
Let a(l) = 5*l**2 - 29*l - 98. Let b be a(-22). Let r = -2019 + b. Is r a prime number?
True
Let u = 23787 - 7916. Is u a prime number?
False
Let s(i) = 118*i**2 - 64*i - 319. Is s(-32) composite?
False
Let g = 138739 + -78180. Is g prime?
False
Suppose -3*b + 26*b - 188213 = 1455804. Is b a composite number?
False
Let t(f) = 4*f**2 - 5*f + 8. Let a = -53 - -56. Let x be (2 - -9)/(0 - (a - 4)). Is t(x) prime?
False
Let d = 204 + -202. Suppose -3521 = -3*k + d*z + 15732, -k + 6436 = 3*z. Is k composite?
False
Let v(t) = 13455*t - 78. Let m be v(2). Let a = m - 14033. Is a a prime number?
True
Let n = -3601 + 3604. Let t(r) = 345*r**2 + 5*r - 3. Let d be t(-4). Suppose 5*c + n*a - d = 0, -c + 2*a - 5493 = -6*c. Is c a prime number?
True
Let s be (34 - 2)*(-13)/78*-6. Suppose 4*b = 14 - 2. Suppose 2*x + 3*y = 7, -x + b*y + s = 6. Is x a prime number?
True
Let f = 9 + -10. Let c be (15 - 19) + (0 - f). Is ((-1910)/(-30))/((-1)/c) a prime number?
True
Let d(k) = -2849*k**2 - 9*k + 8. Let f(x) = -x**2 + x - 1. Let s(m) = d(m) + 6*f(m). Let u be s(1). Is u/(-8) - (-1 + -1) a prime number?
True
Let g(j) = -33*j**3 + 2*j**2 - j - 7. Let y be g(4). Let c = -773 - y. Is c a composite number?
True
Let s(v) = 5301*v**2 - 129*v - 17. Is s(5) composite?
True
Is 3/(((-12)/(-2))/((-39)/(585/(-7969470)))) a composite number?
True
Suppose 4*c = 63 - 15. Suppose -14*x = -c*x - 6. Suppose -y + 2*m + 4 + 191 = 0, 4*y = -x*m + 758. Is y a composite number?
False
Let d(z) = -20703*z - 144. Let b be d(6). Is 2 - 36/30 - b/10 a prime number?
True
Suppose -c + 40 = -2*g + 42, -4*c = 5*g + 21. Let m(q) = 3947*q**2 - 4*q - 4. Is m(g) composite?
False
Let f = -6743 + 12936. Is f prime?
False
Suppose s = -15*s + 80. Suppose 0*o = s*o - 4*x - 25835, 20669 = 4*o - 3*x. Is o prime?
True
Suppose 178*i - 180*i = -3078. Suppose 2*y - i = -2*d + 2095, -d = 5*y - 9101. Is y a prime number?
False
Let w = 106 + -114. Let g(o) = -75*o - 43. Is g(w) composite?
False
Let m(a) be the 